sor of 469 and 3286003.
7
What is the highest common divisor of 1375362 and 245250?
1962
What is the greatest common factor of 1147144 and 144704?
152
What is the highest common divisor of 47 and 748276801?
47
Calculate the highest common factor of 436 and 3975775.
109
What is the greatest common factor of 407524360 and 26310?
8770
Calculate the greatest common divisor of 369 and 7560031.
41
What is the greatest common factor of 7308 and 3430700?
812
What is the highest common divisor of 144204 and 2277911?
197
What is the greatest common divisor of 15540 and 18139065?
3885
Calculate the highest common divisor of 5354801 and 15603.
743
What is the greatest common divisor of 1709136 and 290862?
2574
What is the greatest common factor of 10496 and 10601944?
328
Calculate the highest common divisor of 1832642534 and 3298.
3298
What is the highest common divisor of 20 and 2838668?
4
What is the greatest common factor of 5341150 and 100?
50
What is the highest common factor of 71717495 and 95?
95
What is the greatest common divisor of 15342 and 1117409?
2557
Calculate the highest common factor of 111951158 and 2332.
1166
What is the highest common factor of 19880858 and 124?
62
What is the greatest common divisor of 89519415 and 13102?
6551
What is the highest common divisor of 3871 and 40211?
79
What is the greatest common divisor of 2639529 and 11894?
313
What is the greatest common factor of 103153186 and 72454?
4262
What is the greatest common factor of 5973629 and 345?
23
What is the highest common divisor of 52013256 and 984?
984
What is the highest common divisor of 210 and 50277066?
42
Calculate the greatest common factor of 4978880 and 12480.
320
Calculate the greatest common factor of 1470 and 26924226.
294
Calculate the greatest common factor of 9017814 and 1482.
78
What is the greatest common divisor of 164300 and 1695700?
3100
What is the highest common divisor of 42270 and 21270?
30
Calculate the highest common divisor of 30213326 and 11.
11
Calculate the greatest common factor of 32599965 and 195.
15
What is the highest common factor of 3894084 and 138?
138
What is the greatest common factor of 6156 and 7939701?
1539
Calculate the highest common divisor of 26 and 81393715.
13
Calculate the greatest common divisor of 255 and 12153585.
15
Calculate the greatest common factor of 10946 and 66469.
13
Calculate the greatest common divisor of 493 and 251611424.
493
Calculate the greatest common divisor of 60 and 354025905.
15
Calculate the greatest common factor of 1025 and 831263725.
1025
Calculate the highest common divisor of 317269764 and 168.
84
What is the greatest common divisor of 49284 and 2239092?
1332
What is the highest common divisor of 168 and 23929563?
21
Calculate the greatest common factor of 832 and 2297230.
26
What is the highest common factor of 112948 and 8811?
11
What is the highest common factor of 955 and 330948565?
955
Calculate the highest common factor of 5135 and 1542949.
79
What is the greatest common factor of 479850024 and 408?
408
Calculate the highest common factor of 44 and 35894881.
11
Calculate the greatest common divisor of 284025 and 36150.
75
What is the greatest common factor of 3 and 173484429?
3
What is the greatest common factor of 10335638 and 6511?
383
Calculate the highest common factor of 470 and 1301710.
10
Calculate the highest common factor of 2541924 and 132.
132
What is the highest common divisor of 1824 and 73664?
32
Calculate the highest common factor of 476 and 3275288.
68
What is the highest common factor of 409 and 211108622?
409
Calculate the highest common divisor of 2873 and 3154047.
169
What is the highest common divisor of 10 and 90093970?
10
Calculate the greatest common factor of 4698162338 and 38.
38
Calculate the highest common factor of 59616 and 9774.
54
Calculate the highest common divisor of 40 and 319323980.
20
Calculate the greatest common factor of 22828878 and 642.
642
Calculate the highest common divisor of 32044975 and 100.
25
What is the greatest common factor of 6801 and 216813613?
2267
What is the highest common factor of 532155 and 338?
13
Calculate the greatest common divisor of 37080 and 186989805.
4635
Calculate the highest common divisor of 84 and 2342767.
7
What is the highest common factor of 28448 and 4603242?
1778
What is the highest common divisor of 10760 and 176320?
40
Calculate the greatest common divisor of 60 and 245051028.
12
What is the highest common divisor of 11797 and 48443?
251
What is the greatest common factor of 76433406 and 42?
42
Calculate the greatest common factor of 524706 and 2139774.
546
What is the highest common factor of 912438 and 53738?
554
Calculate the greatest common factor of 1118308 and 136.
4
What is the highest common factor of 34222 and 14819404?
142
What is the greatest common factor of 2259404 and 1736?
868
Calculate the highest common factor of 35792 and 208.
16
Calculate the greatest common divisor of 40061052 and 9.
9
Calculate the greatest common factor of 2391037 and 2585.
11
Calculate the greatest common factor of 18 and 32906598.
6
Calculate the highest common factor of 4029775 and 325.
25
What is the greatest common factor of 1404 and 51048414?
54
What is the greatest common factor of 36182 and 186?
2
Calculate the highest common factor of 629204 and 2653768.
1292
Calculate the greatest common divisor of 770872 and 410152.
1336
What is the greatest common factor of 13 and 6392139?
13
Calculate the greatest common divisor of 3334854 and 38634.
822
Calculate the highest common divisor of 2908 and 39778532.
2908
What is the greatest common factor of 26 and 2301533?
13
Calculate the greatest common factor of 3527470 and 3460.
1730
Calculate the highest common factor of 694500 and 10.
10
Calculate the highest common divisor of 48237530 and 22.
22
Calculate the greatest common divisor of 11418 and 654522.
66
What is the highest common factor of 188496493 and 1445?
289
What is the highest common factor of 23189241 and 9367?
493
Calculate the highest common factor of 41509182 and 3432.
858
Calculate the highest common divisor of 8100 and 64310.
10
What is the greatest common divisor of 6514 and 11259449?
3257
Calculate the highest common divisor of 24504890 and 230.
230
What is the greatest common factor of 52375 and 711043?
419
What is the highest common divisor of 490860 and 2816370?
2430
What is the greatest common factor of 3503 and 12740411?
3503
What is the highest common factor of 1825832 and 4232?
184
Calculate the greatest common factor of 5066 and 327930.
34
What is the greatest common factor of 3352858 and 4016?
502
What is the greatest common divisor of 3926076 and 858?
66
What is the highest common factor of 81883380 and 268?
268
What is the highest common factor of 2844830632 and 3248?
1624
What is the greatest common factor of 2365716 and 31236?
1644
Calculate the highest common divisor of 43562 and 920.
46
Calculate the highest common divisor of 9285 and 14347182.
1857
Calculate the highest common factor of 154523 and 7.
1
Calculate the greatest common factor of 1336302 and 918.
306
Calculate the greatest common divisor of 75539305 and 349.
349
What is the greatest common divisor of 11030446 and 129?
43
What is the highest common divisor of 7320285 and 945?
315
Calculate the greatest common divisor of 16854519 and 264.
33
Calculate the greatest common factor of 1786 and 101498.
38
Calculate the greatest common factor of 21336567 and 84.
21
Calculate the greatest common divisor of 5429628 and 27072.
1692
Calculate the highest common divisor of 104740825 and 2261.
2261
What is the highest common divisor of 1180 and 288460?
20
What is the greatest common divisor of 54 and 223918?
2
Calculate the highest common factor of 828305 and 18905.
95
What is the highest common divisor of 2265908 and 140132?
2644
Calculate the highest common divisor of 4 and 15570520.
4
What is the highest common factor of 224920 and 5352?
8
What is the highest common factor of 33264 and 3036572?
308
What is the highest common factor of 17296564 and 940?
188
Calculate the highest common factor of 3340 and 85910812.
668
Calculate the highest common factor of 54587 and 332215.
247
Calculate the highest common divisor of 37 and 2